 - 1). Let p(n) = -n**2 + 6*n + 4. Let k be p(6). What is the greatest common factor of k and h?
4
Let x = -16 - -56. What is the highest common divisor of 16 and x?
8
Let w(s) = -2*s**2 + 3. Let l be w(4). Let k be (l - -1)*12/(-8). What is the greatest common factor of k and 6?
6
Let c(w) be the second derivative of w**4/4 - 4*w**3/3 + 3*w**2/2 + 2*w. Let b be -4 + 2 + 7 + 0. Let m be c(b). What is the highest common divisor of 57 and m?
19
Suppose -4*p - 3*u - 339 = -8*p, -2*p + 164 = 4*u. Calculate the greatest common factor of p and 12.
12
Let r = -5 + 2. Let c be ((-12)/r)/(4/18). What is the greatest common factor of 45 and c?
9
Let v be (-132)/(-9) - 3/(-9). Suppose 0 = -0*n - 3*n + v. Suppose -4*x + 81 = n*w, -205 = -5*x + 4*w - 73. Calculate the highest common divisor of x and 12.
12
Let d(m) = -m**3 + 8*m**2 + 9*m - 1. Let s be d(9). Let h = 1 + s. Suppose h*z = -5*z + 15, 529 = 5*q + 3*z. Calculate the highest common factor of 13 and q.
13
Suppose -3*s + 92 = 4*z + 8, 0 = 5*z + s - 116. Let v = 5 + -2. Suppose v*c = -2*d + 184, 2*c - 64 = c - 2*d. Calculate the highest common factor of c and z.
12
Let i(b) = -b**3 + 7*b**2 + 3*b + 1. Let k be i(7). Calculate the greatest common divisor of k and 11.
11
Let z be 8/14*(-42)/(-12). Suppose 6 = 4*l - z, -4*y + 5*l + 18 = 0. Calculate the greatest common factor of y and 14.
7
Suppose -27 = -p - 2*p - m, 0 = -5*p + 5*m + 45. Calculate the greatest common divisor of 36 and p.
9
Let z = 3 + 4. Suppose 3*t - 48 = 15. Calculate the highest common factor of z and t.
7
Suppose 2*b = -5*g + 140, 0 = -2*g - 5*b + 14 + 42. Let j(s) = 3*s - 20. Let k be j(9). Calculate the highest common divisor of g and k.
7
Suppose k + 8 = -5*i, 0*i - 36 = -2*k + 3*i. Let m = 176 - 92. What is the greatest common divisor of k and m?
12
Let q be (-7)/(-2)*(1 - -25). Calculate the highest common divisor of q and 13.
13
Suppose -5*k + 92 = -228. Suppose -3*t - 4*s + 180 = 0, k + 95 = 3*t - 3*s. Let y = 2 - -5. Calculate the greatest common factor of t and y.
7
Let c(d) be the first derivative of 3*d**2 - d - 2*d**2 + d**2 - 1. Let f be c(3). Calculate the greatest common factor of f and 99.
11
Let y(b) = -b**3 + 6*b**2 + 3*b - 8. Let q be y(6). Let h be (1 - -6 - 2) + 1. Suppose -450 = -h*w + w. What is the highest common divisor of w and q?
10
Suppose 7*a = 17 + 11. What is the highest common factor of 1 and a?
1
Let d(p) = -3*p - 8. Let i be d(-19). What is the greatest common divisor of i and 28?
7
Let q = 138 + -62. What is the highest common factor of 19 and q?
19
Let p = 5 - -4. Suppose 101 + p = 2*v. Calculate the greatest common factor of 5 and v.
5
Let h be 3/(-5 - -2) + -5. Let g be (9/h - 2)*-10. Suppose -4*p + z + 35 = 0, -5*z = 4*p - 6 - g. Calculate the greatest common factor of p and 18.
9
Let p be 4 - 6 - (-12 - -1). Suppose 0 = 4*q + 20 - 68. Let t = q - -24. What is the highest common divisor of t and p?
9
Suppose 0 = -3*j - 5*o + 215, -j - 2*j + 260 = -4*o. Calculate the highest common divisor of j and 16.
16
Suppose -3*p = 2*p + 30. Let a be 0 + (-1 - (47 + 2)). Let j = p - a. What is the greatest common factor of 110 and j?
22
Suppose -h = 1 - 3. Calculate the highest common divisor of 2 and h.
2
Let a(d) = -d**3 + 4*d**2 - 2. Let q be a(4). Let n be ((-10)/4)/(q/(-4)). Let z = n - -6. Calculate the highest common factor of z and 7.
1
Let c = -31 - -48. What is the highest common divisor of c and 17?
17
Suppose -5*q = -j - 11, 3*q - j + 7 = 3*j. Suppose q*x - 2*x = -20. Let c = -1 - x. What is the greatest common factor of c and 19?
19
Let m be 14/(-8) - (-4)/(-16). Let v be m/(-2) + (-1 - -2). Suppose -v*t + 84 = 2*t. Calculate the greatest common divisor of t and 14.
7
Suppose -41 = -3*o + 76. What is the greatest common divisor of 312 and o?
39
Let x = 38 - -22. Let m be ((-96)/(-28))/((-4)/(-14)). Calculate the highest common divisor of x and m.
12
Suppose 12 + 8 = 4*a. Let q be 35 - (-4 + 3 + 1). Calculate the greatest common divisor of q and a.
5
Suppose 0 = 2*q + 2*q. Let z be q - (-9)/((-6)/(-2)). Calculate the highest common divisor of 3 and z.
3
Let t(n) = n**2 - 3*n - 7. Let i be t(5). Suppose -79 - 239 = -5*p - k, -3*p + i*k = -198. What is the greatest common factor of p and 8?
8
Suppose -4*c + 2*r = -22 - 124, 0 = 2*c - 3*r - 79. Calculate the greatest common factor of 35 and c.
35
Let g = 142 - -173. Calculate the highest common factor of g and 35.
35
Let d(v) = -v**2 + 7*v + 1. Let t be d(7). What is the highest common factor of 11 and t?
1
Suppose 0*p = 4*p - 8. Suppose 0*a - 3*a + 10 = 2*w, 5*a = 5*w. Suppose a*s = -p*s - 5*y + 42, s + 5*y = 18. Calculate the greatest common divisor of s and 40.
8
Suppose -k - 3*k + 56 = 0. What is the highest common divisor of 2 and k?
2
Suppose 4*m = 142 + 166. Let l = 13 - 6. Calculate the greatest common factor of m and l.
7
Suppose -2*y - 7 = -5. Let u be (-1)/y + -1 - -14. What is the highest common factor of u and 84?
14
Let z(v) = 11*v - 1. Let y be z(1). Let c be (-3 - -4)/1*25. Calculate the highest common factor of c and y.
5
Let a be (-8 + 3)/(10/(-12)). Calculate the greatest common factor of 24 and a.
6
Suppose -2*l = 2*o - 0*o - 2, 4*o - 2*l = 28. Calculate the highest common divisor of 40 and o.
5
Suppose -s + 2*c + 8 = -2*c, c = -2*s + 61. Calculate the highest common factor of 4 and s.
4
Let f(l) = -3*l - 5. Let j be f(-5). Let i = -22 + 27. What is the greatest common divisor of i and j?
5
Let q = -34 + 58. Let l = 47 - 23. Calculate the highest common factor of l and q.
24
Let g(c) = c**2. Let y be g(4). Suppose -4*x = -2*u - 28, 0 = -x - 0*u + 3*u + 7. Let h = y - x. What is the highest common divisor of 63 and h?
9
Suppose -4*a + 23 = 3*h, -5*h + 30 = 5*a - 10. Suppose -3*o + 6*o + 24 = 0. Let v be (-1 - 1)*180/o. Calculate the highest common factor of v and h.
9
Let d = 5 + 0. Let n(l) = -d*l + 9*l + 8*l + 1. Let b be n(1). What is the highest common divisor of 52 and b?
13
Let y = 151 + -7. Calculate the highest common factor of y and 36.
36
Suppose 425 = -2*z + 7*z. Calculate the highest common divisor of z and 34.
17
Suppose -103 - 152 = -5*r - 2*o, 0 = r + 5*o - 51. Calculate the highest common factor of 68 and r.
17
Let x(s) = -s**3 + 11*s**2 - 17*s + 9. Let t be x(9). Calculate the highest common factor of 306 and t.
18
Suppose 0 = 3*n + 105 - 345. Calculate the highest common divisor of 16 and n.
16
Let u(t) = 13*t**2 - t - 2. Let c be u(2). Let i be (c/(-15))/((-2)/5). Calculate the greatest common factor of 8 and i.
8
Suppose 3*m - 273 = 141. Let v = -42 + m. Calculate the highest common factor of v and 12.
12
Suppose 0 = 4*f - 5*n - 120, n + 0*n - 150 = -5*f. Suppose b - 3 = 7. What is the greatest common factor of f and b?
10
Let f(l) = l**3 - 2*l**2 - 2*l + 1. Let k be f(3). Suppose -117 = -k*m + 495. Calculate the highest common factor of m and 17.
17
Suppose 4*j - 46 = j + 4*w, 5*j = -4*w + 34. Let x be -15*(-7)/(35/(-2)). Let r(g) = g**2 + 4. Let m be r(x). What is the greatest common divisor of j and m?
10
Let v = -85 + 136. Let c = v + 5. Suppose -5*g - c = -141. Calculate the highest common divisor of g and 153.
17
Let o = -185 - -313. Calculate the highest common divisor of o and 16.
16
Suppose 5*n - o = 63, 0 = 3*n + 5*o - 24 + 3. What is the greatest common divisor of 3 and n?
3
Suppose l = 2*g + 24, -2*l + 3*g = -4*l + 69. Calculate the greatest common factor of 60 and l.
30
Let f = 94 + -45. Let z = f + -27. What is the highest common divisor of z and 198?
22
Let r be (19/3 + -7)/((-4)/858). What is the greatest common factor of r and 11?
11
Let a(j) = -j**3 - 6 - 3*j**3 - 7*j**2 + 5*j**3 + 7*j. Let s be a(6). Suppose 80 = r - s*r. Calculate the highest common divisor of r and 10.
10
Let h = -31 + 164. Let t be ((-171)/(-18))/(4/(3 + 5)). What is the greatest common factor of h and t?
19
Let d be -1 + 1 + 24 - 0. Let r(i) = i**3 + 33*i**2 - 71*i + 25. Let q be r(-35). Calculate the greatest common factor of q and d.
12
Let p = 24 + -22. What is the greatest common divisor of 3 and p?
1
Let z(k) = k**3 + 9*k**2 + 6*k - 11. Let m be z(-8). Suppose 7*h - 4*v = 2*h + 51, -m*v = h - 16. What is the greatest common factor of h and 77?
11
Let j = 556 - 259. Let p be 1449/54 + (-1)/(-6). Calculate the 